)/(-7) + 6. What is g(t)?
42
Let m be (-45)/18*(-12)/10. Let u(y) be the first derivative of -y**4/4 + y**3/3 + 3*y**2/2 + 3*y + 19. What is u(m)?
-6
Let m(i) = 2*i**2 - 3*i - 11. Let l = 2492 - 2488. Determine m(l).
9
Let k(h) = -h**2 + 7*h - 11. Let f be k(6). Let v be 4 - (3 + -6)/(-3). Let g(n) = 1 - n - 2*n + v*n - n. Calculate g(f).
6
Let n(r) = 4*r**2 - 2*r + 1. Let a be n(1). Let s(t) be the second derivative of -t**5/20 + t**4/3 - t**3/2 + t**2 + 3*t + 273. Calculate s(a).
2
Let q(z) = 3*z**3 + 4*z**2 - z - 2. Let o(g) = -g**3 - g**2 + 1. Let x(n) = 4*o(n) + q(n). Let m be (2/6)/(1/(-3))*2. What is x(m)?
12
Let p(n) be the first derivative of -n**3/3 + 5*n**2/2 - 3*n + 735. Give p(2).
3
Let c(y) = -23*y. Let f = 41 - 42. Give c(f).
23
Let h(a) = 3*a**3 - 9*a**2 - 4*a + 10. Let i(z) = -13*z**3 + 37*z**2 + 17*z - 41. Let d(g) = -9*h(g) - 2*i(g). Let q be 1829/279 + (-16)/(-36). Give d(q).
6
Let y(k) be the second derivative of -k**5/20 - k**4/2 - 5*k**3/6 + 3*k**2/2 - 3*k + 13. Determine y(-5).
3
Let p(j) = 2*j**2 - 13*j - 8. Let n(q) = 1. Let i(t) = 6*n(t) + p(t). Let l be i(6). Let o(b) = b**2 + 7*b - 7. Determine o(l).
1
Let d(b) be the first derivative of -b**4/4 + 2*b**3 + 5*b**2/2 + 9*b - 1. Let o = -57 - -60. Suppose 5*s + o*s = 56. Give d(s).
-5
Suppose -10 - 12 = 5*k + 4*d, 2*k = -3*d - 6. Let t be k/21 + (-23)/(-7). Let v(y) be the third derivative of y**5/60 - y**4/12 + y**3/2 - 871*y**2. Give v(t).
6
Let p(r) = 3*r - 8. Let u(m) = -9*m + 23. Let w(b) = -8*p(b) - 3*u(b). Determine w(-9).
-32
Let g(o) be the second derivative of o**6/720 + o**5/30 + 2*o**4/3 + 16*o. Let y(v) be the third derivative of g(v). Give y(4).
8
Let c(k) be the second derivative of k**4/12 - k**3 + k**2 - 2*k. Let a(i) be the first derivative of c(i). Let b = 35 - 30. Determine a(b).
4
Let n = -356 - -363. Let s(q) = q**2 - 10*q + 5. Calculate s(n).
-16
Let k(l) = -l - 9. Let w(a) = -a**3 - 7*a**2 + 8*a - 14. Let s be w(-8). Let c be s/(-4)*(-26 - -24). Give k(c).
-2
Let s(j) = 8*j**2. Let x = -417 - -416. Give s(x).
8
Suppose -p + 55 = -g + 14, 3 = -g. Let f = -36 + p. Let k(m) = 5*m - 1. Give k(f).
9
Let g be (1 + 1)/1 + -2. Suppose g = r - 5*r. Let w(o) = -6*o**3 + 7*o**3 + r*o**3 + o. What is w(2)?
10
Let a = 7 - 3. Suppose -f + a - 1 = 0. Let x(s) = s - 2*s - f*s + 2*s + 4. Determine x(5).
-6
Let i(d) = -5*d + 2. Suppose 44*j + 22 = 198. Calculate i(j).
-18
Let g(k) = k**2 + 9*k - 10. Let y(p) be the third derivative of -p**5/60 + p**4/8 - 5*p**3/6 + 9*p**2. Let q be y(4). Calculate g(q).
-10
Suppose -9*l + 18 + 9 = 0. Let m(c) = -2*c**l - 5*c**2 + 74*c + 5 - 76*c + 3*c**3. Give m(5).
-5
Let f(o) = 16*o**2 - 4*o + 4. Let s(b) = 13*b**2 - 3*b + 4. Let y(l) = 4*f(l) - 5*s(l). Give y(-3).
-10
Let b be (-4)/(20/15) + -2. Let m(d) = -3*d**3 - 4*d**2 + 2*d - 1. Let u(v) = 4*v**3 + 4*v**2 - 2*v. Let h(n) = b*m(n) - 4*u(n). Determine h(4).
-3
Let x(h) be the first derivative of -h**4/4 + 5*h**3/3 - h**2/2 - 6*h - 1. Let c = -66 + 65. Let u(b) = -6*b - 1. Let w be u(c). Calculate x(w).
-11
Let h(c) = -529 + 3*c**2 + 555 + c**3 - 4*c**2 - c. What is h(0)?
26
Let g(o) = -o**2 + 4*o + 6. Let i = 33 + -29. Let y be 25/i - (-7)/(-28). Calculate g(y).
-6
Let d(g) = 2*g**2 - 4*g + 3. Let t(w) = 3*w - 1. Let o be t(9). Suppose 2*h + o = -4. Let b = -13 - h. Give d(b).
3
Suppose 6*s = 2*s + 4. Suppose 3*k + s = 7. Let y(n) = 8 - n - k - 2*n**3 + 3*n**3 - n**2. Give y(0).
6
Let m(q) = -q**3 + 7*q**2 + q - 5. Let c(s) = -2*s**2 - 4*s - 8. Let b(w) = w**2 + 4*w + 7. Let p(j) = -3*b(j) - 2*c(j). Let d be p(-2). Calculate m(d).
2
Suppose -o = 3*b + 5, 14*b = -5*o + 11*b - 1. Let d(w) = -9*w + 1. Give d(o).
-8
Let b(a) be the third derivative of -a**6/24 + a**4/12 + a**3/6 - a**2. Let x = 63 + -52. Suppose v + x = 10. Calculate b(v).
4
Let v(f) = -14*f - 4. Let q(w) = 11*w + 1. Let x(m) = -q(m) - v(m). Determine x(3).
12
Let z(x) be the third derivative of -1/120*x**6 - 1/15*x**5 + 1/12*x**4 + 2/3*x**3 + 4*x**2 + 0 + 0*x. Calculate z(-4).
-4
Suppose 0*c + 2*c + r = -30, 4*c + 3*r + 58 = 0. Let h = -13 - c. Let g(l) = -9*l**2 + 2 - 6*l - 3*l**2 + 3*l**2 + h*l**2 - l**3. Determine g(-5).
7
Let v = -24 + 46. Let q(f) = -v*f + 14*f + 1 - 4. Let r(c) = 24*c + 8. Let x(a) = 14*q(a) + 5*r(a). Calculate x(2).
14
Let d(h) be the second derivative of -h**3/3 - 21*h**2/2 - 26*h. Determine d(-9).
-3
Suppose 4*i = -i. Let m(l) = -l + 8. Let f be m(6). Let c(y) = -7 - 6 + 2*y - y**f + 2 - y. Calculate c(i).
-11
Let g(r) = r**3 + 6*r**2 - 2*r. Suppose c + 3*b + 2 = 0, 2 = -4*c + b + 7. Let n(t) = -t**3 - t**2 + t. Let q(x) = c*g(x) + 2*n(x). What is q(2)?
8
Let w(s) = -2 + 125*s - 124*s - 8. What is w(8)?
-2
Let t = -10 - 7. Let i = -5 + t. Let o = i - -17. Let q(b) = b**3 + 5*b**2 + b. Calculate q(o).
-5
Suppose 1 = -2*y - 1. Suppose 77*i = 79*i - 4. Let g(m) = -m + 2 - 2 - m**2 - 1 - 2*m**i. What is g(y)?
-3
Let d(p) = -3*p + 0*p**2 - p**3 - 4*p**2 + 2*p**3 + 5. Let s be (3 - (-4 - 3)) + -1. Suppose -45 = -s*z - 0. Determine d(z).
15
Let m be (-25*(-8)/160)/((-2)/8). Let d(q) = q**2 - 7. Let r(z) = -z**2 - z + 7. Let j(t) = 2*d(t) + 3*r(t). What is j(m)?
-3
Let f be -6*(1/2 - 1). Let y(g) be the first derivative of -2*g**3/3 + 3*g**2/2 + 3*g + 32. What is y(f)?
-6
Suppose -25*o = -26*o. Suppose 5*j = -3*i + 49, 0 = j - 0*j + i - 11. Let z(x) = -j - 2*x + x + x - x. Determine z(o).
-8
Let u(l) = -l**2 + 3*l + 2. Let n(a) = 2*a - 5. Let b be (-1)/(15/6)*-15. Let k = -1 + b. Let y be n(k). Calculate u(y).
-8
Let i(z) = -2*z - 1 + 0 - 1. Suppose 1 = 3*q - 5*h - 1, 15 = 3*h. Suppose -4*o = -o + q. Give i(o).
4
Let x = 2 + -2. Suppose x = 2*s - 3*k + 6, -4*k = 2*s + 5 + 1. Let z(u) = u**3 + 2*u**2 - 2*u + 2. Give z(s).
-1
Let w(l) be the first derivative of -3*l**2/2 - 58*l - 386. What is w(-18)?
-4
Let j be (-62)/(-14) - (-27)/(-63). Let i(v) = v**3 - 4*v**2 - 5*v + 4. Determine i(j).
-16
Let k(m) = 3*m**3 - 5*m**2 - 4*m + 6. Let l(o) = o**3 - o**2 - o + 1. Let x(v) = -k(v) + 5*l(v). Give x(2).
13
Let h(f) = -f**3 + 4*f**2 + 1. Let v = 23 + -28. Let u be (v - -6)/((-1)/(-4)). What is h(u)?
1
Let p(j) = 7*j**3 - 7*j + 5 - j**3 - 5*j**3 - 4*j**2. Let m(o) = -5*o + 15. Let w be m(2). Give p(w).
-5
Let u(a) = -5*a**3 - a**2 - 2*a + 3. Let v(p) = -2*p**3 - 1. Let n(w) = -u(w) - 4*v(w). Give n(-1).
-13
Let h(d) be the first derivative of -7*d - 1/2*d**2 + 4. What is h(-7)?
0
Let a(o) be the second derivative of 0*o**3 + 1/20*o**5 - 1/4*o**4 + 1/2*o**2 + 10*o + 0. Determine a(2).
-3
Let l(i) = -3 + i**2 - 99*i + 40*i + 58*i. Give l(3).
3
Let b(v) = -9*v**2 - 12*v + 18. Let j(l) = -40*l**2 - 49*l + 73. Let h(a) = -9*b(a) + 2*j(a). Calculate h(-11).
-5
Suppose -25*x = -4*x + 63. Let d(g) = -g**2 - 3. Determine d(x).
-12
Let v(i) = i**2 + i - 1. Let k(l) = -9*l**2 - l + 2. Let a(g) = -26*g**2 - 3*g + 6. Let n(z) = -6*a(z) + 17*k(z). Let t(b) = -n(b) + 2*v(b). Calculate t(2).
-2
Suppose 5*t + 16 + 4 = 0. Let o(k) = k**3 + 4*k**2 + 2*k + 1. Let j be o(-3). Let n(r) = r**3 - 4*r - 4*r**2 + 6 + 7*r**2 - j. What is n(t)?
2
Suppose -4*f + 10 = c, 0*f - 2*c = 4*f - 8. Suppose -5*n + r - f*r = -19, 4*n + 2*r - 14 = 0. Let j(d) = -4 + d + d**2 + n + 1 + 5. Calculate j(0).
7
Let i(r) = r + 1. Let p(f) = -f**2 - 16*f - 5. Let x(y) = -3*i(y) - p(y). What is x(-15)?
32
Suppose -4*b = 5*s - 1, 0 = -9*b + 5*b + s - 5. Let z(u) be the second derivative of u**4/4 - u**3/3 - u**2/2 + 2*u. Determine z(b).
4
Let o = 2545 - 2544. Let q(v) = -v**2 + v - 1. What is q(o)?
-1
Suppose 4*h - 24 - 44 = 0. Suppose 3*b + 2*f = h, -5*b + 2*f = 7 - 30. Let m(t) = 4 - 4 + 3 - b - t. Calculate m(-6).
4
Let t(m) = -m**2 + 5*m + 7. Suppose -6*q + 2*q = 24. Let n be q/21 + 44/7. Give t(n).
1
Let w(o) = -14*o - 5. Let s(y) = -3*y - 1. Let j(f) = -9*s(f) + 2*w(f). What is j(1)?
-2
Let i = 21 - 21. Suppose m + m = i. Suppose -5*g - 29 + 9 = m. Let k(r) = r**2 + 6*r + 4. What is k(g)?
-4
Let t(g) = 9*g**3 - 2*g**2 + g - 6. Let s(n) = -11*n**3 + 3*n**2 - n + 7. Let o(c) = -4*s(c) - 5*t(c). What is o(-3)?
14
Suppose -14*z + 11*z - 42 = 0. Let c = -11 - z. Let p(l) = -c*l + 6 - l + 5*l. Give p(-5).
1
Let m(y) = y**2 + 3*y. Let q be m(3). Suppose -4*o = 3*f - q, -3*f - o + 4*o - 3 = 0. Let b(n) = -3*n + 1. What is b(f)?
-5
Let l(t) = t -